{"id":12,"date":"2025-01-09T12:58:20","date_gmt":"2025-01-09T11:58:20","guid":{"rendered":"https:\/\/wvmxoit.cluster027.hosting.ovh.net\/?page_id=12"},"modified":"2025-01-23T11:52:49","modified_gmt":"2025-01-23T10:52:49","slug":"massage-sonore","status":"publish","type":"page","link":"https:\/\/www.sarahzik.fr\/index.php\/massage-sonore\/","title":{"rendered":"Massage sonore"},"content":{"rendered":"\n<p>Les bols chantants tib\u00e9tains, compos\u00e9s de 7 m\u00e9taux li\u00e9s aux 7 plan\u00e8tes, \u00e9mettent des sons et harmoniques qui favorisent la relaxation, les massages sonores et la m\u00e9ditation. <\/p>\n\n\n\n<p>Selon les moines tib\u00e9tains, chaque m\u00e9tal repr\u00e9sente une plan\u00e8te: or pour le Soleil, argent pour la Lune, mercure pour Mercure, cuivre pour V\u00e9nus, fer pour Mars, \u00e9tain pour Jupiter et plomb pour Saturne.<\/p>\n\n\n\n<p>Ces bols chantants  aident \u00e0 lib\u00e9rer l&rsquo;esprit des ondes n\u00e9gatives et des blocages \u00e9motionnels gr\u00e2ce \u00e0 leurs vibrations, qui agissent sur les chakras, points d&rsquo;\u00e9nergie du corps.<br>Les chamanes indiens ont associ\u00e9 les sept chakras \u00e0 des couleurs et notes diff\u00e9rentes : des bols graves pour les chakras racine et sacr\u00e9 (Do et R\u00e9), des bols m\u00e9diums pour le plexus solaire et le c\u0153ur (Mi et Fa), et des bols aigus pour la gorge, le troisi\u00e8me \u0153il et la couronne (Sol, La et Si).<\/p>\n\n\n\n<p>Le son des bols, qui traverse mieux l&rsquo;eau que l&rsquo;air, r\u00e9sonne avec notre corps, apaisant ainsi les maux li\u00e9s aux organes associ\u00e9s aux chakras. Les sons graves stimulent les chakras inf\u00e9rieurs, tandis que les sons aigus agissent sur les chakras sup\u00e9rieurs, r\u00e9harmonisant le corps et aidant \u00e0 retrouver l&rsquo;\u00e9quilibre.<\/p>\n\n\n\n<p>Les sons tib\u00e9tains ne gu\u00e9rissent pas, mais soutiennent le processus d&rsquo;auto gu\u00e9rison en amplifiant la relaxation profonde et en favorisant une meilleure r\u00e9ceptivit\u00e9 des cellules du corps face aux vibrations.<\/p>\n\n\n\n<figure class=\"wp-block-image size-full\"><img loading=\"lazy\" decoding=\"async\" width=\"801\" height=\"600\" src=\"http:\/\/www.sarahzik.fr\/wp-content\/uploads\/2025\/01\/Fotolia_34157625_S.jpg\" alt=\"\" class=\"wp-image-27\" srcset=\"https:\/\/www.sarahzik.fr\/wp-content\/uploads\/2025\/01\/Fotolia_34157625_S.jpg 801w, https:\/\/www.sarahzik.fr\/wp-content\/uploads\/2025\/01\/Fotolia_34157625_S-300x225.jpg 300w, https:\/\/www.sarahzik.fr\/wp-content\/uploads\/2025\/01\/Fotolia_34157625_S-768x575.jpg 768w\" sizes=\"auto, (max-width: 801px) 100vw, 801px\" \/><\/figure>\n\n\n\n<p>Le massage sonore ne peut en aucun cas remplacer un traitement m\u00e9dicamenteux ou psychoth\u00e9rapeutique, mais peut accompagner des soins m\u00e9dicaux.<\/p>\n\n\n\n<p>Je propose des s\u00e9ances de massage sonore sur rendez-vous dans mon cabinet, et je peux \u00e9galement me d\u00e9placer \u00e0 votre domicile.<\/p>\n\n\n\n<p>J&rsquo;utilise des bols chantants de grande taille, r\u00e9put\u00e9s pour leur capacit\u00e9 \u00e0 g\u00e9n\u00e9rer des ondes Alpha, pr\u00e9sentes dans le cerveau lors d&rsquo;une profonde relaxation. <\/p>\n\n\n\n<p>J&rsquo;ai \u00e9t\u00e9 form\u00e9 au centre de m\u00e9decine chinoise \u00e0 Paris, aupr\u00e8s d&rsquo;Alain Griet, sono-th\u00e9rapeute.<\/p>\n\n\n\n<div class=\"wp-block-group alignfull has-global-padding is-layout-constrained wp-block-group-is-layout-constrained\" style=\"margin-top:0;margin-bottom:0\">\n<div style=\"height:var(--wp--preset--spacing--30)\" aria-hidden=\"true\" class=\"wp-block-spacer\"><\/div>\n\n\n\n<div class=\"wp-block-query alignwide is-layout-flow wp-block-query-is-layout-flow\"><\/div>\n\n\n\n<div style=\"height:var(--wp--preset--spacing--30)\" aria-hidden=\"true\" class=\"wp-block-spacer\"><\/div>\n<\/div>\n\n\n\n<div class=\"wp-block-group alignfull has-global-padding is-layout-constrained wp-block-group-is-layout-constrained\" style=\"margin-top:0;margin-bottom:0\">\n<div style=\"height:var(--wp--preset--spacing--30)\" aria-hidden=\"true\" class=\"wp-block-spacer\"><\/div>\n\n\n\n<div class=\"wp-block-columns alignwide is-layout-flex wp-container-core-columns-is-layout-65e523f9 wp-block-columns-is-layout-flex\">\n<div class=\"wp-block-column is-layout-flow wp-block-column-is-layout-flow\"><\/div>\n\n\n\n<div class=\"wp-block-column is-layout-flow wp-block-column-is-layout-flow\"><\/div>\n<\/div>\n\n\n\n<div style=\"height:var(--wp--preset--spacing--70)\" aria-hidden=\"true\" class=\"wp-block-spacer\"><\/div>\n\n\n\n<div class=\"wp-block-query alignwide is-layout-flow wp-block-query-is-layout-flow\"><\/div>\n\n\n\n<hr class=\"wp-block-separator alignfull has-alpha-channel-opacity\"\/>\n\n\n\n<div style=\"height:var(--wp--preset--spacing--30)\" aria-hidden=\"true\" class=\"wp-block-spacer\"><\/div>\n<\/div>\n\n\n\n<div class=\"wp-block-group alignfull has-global-padding is-layout-constrained wp-block-group-is-layout-constrained\" style=\"margin-top:0;margin-bottom:0\">\n<div class=\"wp-block-group alignwide has-global-padding is-layout-constrained wp-block-group-is-layout-constrained\">\n<div class=\"wp-block-group alignwide is-layout-flow wp-block-group-is-layout-flow\">\n<p class=\"has-small-font-size\">T<\/p>\n<\/div>\n<\/div>\n<\/div>\n\n\n\n<p><\/p>\n","protected":false},"excerpt":{"rendered":"<p>Les bols chantants tib\u00e9tains, compos\u00e9s de 7 m\u00e9taux li\u00e9s aux 7 plan\u00e8tes, \u00e9mettent des sons et harmoniques qui favorisent la relaxation, les massages sonores et la m\u00e9ditation. Selon les moines tib\u00e9tains, chaque m\u00e9tal repr\u00e9sente une plan\u00e8te: or pour le Soleil, argent pour la Lune, mercure pour Mercure, cuivre pour V\u00e9nus, fer pour Mars, \u00e9tain pour [&hellip;]<\/p>\n","protected":false},"author":1,"featured_media":0,"parent":0,"menu_order":0,"comment_status":"closed","ping_status":"closed","template":"","meta":{"footnotes":""},"class_list":["post-12","page","type-page","status-publish","hentry"],"_links":{"self":[{"href":"https:\/\/www.sarahzik.fr\/index.php\/wp-json\/wp\/v2\/pages\/12","targetHints":{"allow":["GET"]}}],"collection":[{"href":"https:\/\/www.sarahzik.fr\/index.php\/wp-json\/wp\/v2\/pages"}],"about":[{"href":"https:\/\/www.sarahzik.fr\/index.php\/wp-json\/wp\/v2\/types\/page"}],"author":[{"embeddable":true,"href":"https:\/\/www.sarahzik.fr\/index.php\/wp-json\/wp\/v2\/users\/1"}],"replies":[{"embeddable":true,"href":"https:\/\/www.sarahzik.fr\/index.php\/wp-json\/wp\/v2\/comments?post=12"}],"version-history":[{"count":7,"href":"https:\/\/www.sarahzik.fr\/index.php\/wp-json\/wp\/v2\/pages\/12\/revisions"}],"predecessor-version":[{"id":54,"href":"https:\/\/www.sarahzik.fr\/index.php\/wp-json\/wp\/v2\/pages\/12\/revisions\/54"}],"wp:attachment":[{"href":"https:\/\/www.sarahzik.fr\/index.php\/wp-json\/wp\/v2\/media?parent=12"}],"curies":[{"name":"wp","href":"https:\/\/api.w.org\/{rel}","templated":true}]}}