{"id":21,"date":"2025-01-09T13:13:05","date_gmt":"2025-01-09T12:13:05","guid":{"rendered":"https:\/\/wvmxoit.cluster027.hosting.ovh.net\/?page_id=21"},"modified":"2025-01-15T17:51:12","modified_gmt":"2025-01-15T16:51:12","slug":"consultations","status":"publish","type":"page","link":"https:\/\/www.sarahzik.fr\/index.php\/consultations\/","title":{"rendered":"Consultations"},"content":{"rendered":"\n<p><strong><em>J\u2019accompagne les personnes souffrant de :<\/em><\/strong><\/p>\n\n\n\n<p>*Stress, anxi\u00e9t\u00e9, burn-out, d\u00e9pression, etc.<br>*Difficult\u00e9s d\u2019apprentissage, probl\u00e8mes de concentration<br>*Troubles de langage et de communication<br>*Troubles envahissants de d\u00e9veloppements ou apparent\u00e9s (Autistes)<br>*D\u00e9mences type Alzheimer ou apparent\u00e9s<br>*La maladie de Parkinson<br>*Schizophr\u00e9nie<br>*Addictions (jeu, alcool,\u2026)<\/p>\n\n\n\n<p>J\u2019interviens aupr\u00e8s de personnes \u00e2g\u00e9es pour apaiser les angoisses et l\u2019anxi\u00e9t\u00e9 li\u00e9es parfois \u00e0 la solitude, le deuil et les amener \u00e0 vivre des moments de plaisir et de bien-\u00eatre.<\/p>\n\n\n\n<p>J\u2019anime des ateliers chant pour les personnes \u00e2g\u00e9es en prenant en compte le r\u00e9pertoire selon&nbsp; les ann\u00e9es de naissance.<br>J\u2019anime des ateliers pour la resocialisation de personnes en perte de rep\u00e8res par le chant et les percussions.<\/p>\n\n\n\n<p>La liste est non exhaustive, je serai ravie de vous r\u00e9pondre sur la pertinence de ma pratique par rapport \u00e0 votre besoin.<\/p>\n\n\n\n<p><strong><em>S\u00e9ances individuelles ou par groupe<\/em><\/strong><\/p>\n\n\n\n<p>S\u00e9ance de 30mn a 1H selon besoin&nbsp; (le temps des s\u00e9ances de groupe peut varier selon le public concern\u00e9.<\/p>\n\n\n\n<p><strong><em><u>Tarifs<\/u><\/em><\/strong><em><u> <\/u><\/em>:<br>50 \u20ac par s\u00e9ance individuelle d\u2019une heure<br>Tarif d\u00e9couverte la premi\u00e8re s\u00e9ance individuelle d\u2019une heure : 35\u20ac<\/p>\n\n\n\n<p>Pour les tarifs de groupe, veuillez me consulter.<\/p>\n\n\n\n<p><\/p>\n\n\n\n<p><\/p>\n\n\n\n<p><\/p>\n","protected":false},"excerpt":{"rendered":"<p>J\u2019accompagne les personnes souffrant de : *Stress, anxi\u00e9t\u00e9, burn-out, d\u00e9pression, etc.*Difficult\u00e9s d\u2019apprentissage, probl\u00e8mes de concentration*Troubles de langage et de communication*Troubles envahissants de d\u00e9veloppements ou apparent\u00e9s (Autistes)*D\u00e9mences type Alzheimer ou apparent\u00e9s*La maladie de Parkinson*Schizophr\u00e9nie*Addictions (jeu, alcool,\u2026) J\u2019interviens aupr\u00e8s de personnes \u00e2g\u00e9es pour apaiser les angoisses et l\u2019anxi\u00e9t\u00e9 li\u00e9es parfois \u00e0 la solitude, le deuil et les [&hellip;]<\/p>\n","protected":false},"author":1,"featured_media":0,"parent":0,"menu_order":0,"comment_status":"closed","ping_status":"closed","template":"","meta":{"footnotes":""},"class_list":["post-21","page","type-page","status-publish","hentry"],"_links":{"self":[{"href":"https:\/\/www.sarahzik.fr\/index.php\/wp-json\/wp\/v2\/pages\/21","targetHints":{"allow":["GET"]}}],"collection":[{"href":"https:\/\/www.sarahzik.fr\/index.php\/wp-json\/wp\/v2\/pages"}],"about":[{"href":"https:\/\/www.sarahzik.fr\/index.php\/wp-json\/wp\/v2\/types\/page"}],"author":[{"embeddable":true,"href":"https:\/\/www.sarahzik.fr\/index.php\/wp-json\/wp\/v2\/users\/1"}],"replies":[{"embeddable":true,"href":"https:\/\/www.sarahzik.fr\/index.php\/wp-json\/wp\/v2\/comments?post=21"}],"version-history":[{"count":5,"href":"https:\/\/www.sarahzik.fr\/index.php\/wp-json\/wp\/v2\/pages\/21\/revisions"}],"predecessor-version":[{"id":41,"href":"https:\/\/www.sarahzik.fr\/index.php\/wp-json\/wp\/v2\/pages\/21\/revisions\/41"}],"wp:attachment":[{"href":"https:\/\/www.sarahzik.fr\/index.php\/wp-json\/wp\/v2\/media?parent=21"}],"curies":[{"name":"wp","href":"https:\/\/api.w.org\/{rel}","templated":true}]}}